, what is -10001000100011110 - 100?
-10001000100100010
In base 10, what is -67 - 7924?
-7991
In base 8, what is 127 + 216?
345
In base 7, what is -36515353 + 5?
-36515345
In base 8, what is -1266 - 31?
-1317
In base 4, what is 212311 - -313?
213230
In base 16, what is 29 - 18d?
-164
In base 13, what is 1b1 - -a41?
c22
In base 2, what is 10010111 + -101010101011?
-101000010100
In base 7, what is -3 - 154561?
-154564
In base 4, what is 123 + -20221?
-20032
In base 3, what is 22022012 - 2?
22022010
In base 11, what is -309013 - 7?
-30901a
In base 11, what is 36 + -1770?
-1735
In base 9, what is 1525344 + -1?
1525343
In base 13, what is 6b + -11a?
-7c
In base 16, what is 1 - -1f4?
1f5
In base 5, what is -144241421 - 1?
-144241422
In base 16, what is 1d4f6 + -3?
1d4f3
In base 12, what is a + -1604?
-15b6
In base 3, what is 1211110020 + -102?
1211102211
In base 7, what is 564 + 1525?
2422
In base 13, what is -58b + 31?
-55a
In base 5, what is -110012443 + -10?
-110013003
In base 15, what is -30 + -c88?
-cb8
In base 14, what is -6 - 14071?
-14077
In base 15, what is -d6a + 179?
-be1
In base 2, what is -111010 - -10010110?
1011100
In base 13, what is 102c + 30b?
133a
In base 10, what is -2472 + 19?
-2453
In base 6, what is -52410 + 204?
-52202
In base 3, what is -20010 - 11210?
-101220
In base 7, what is -32 + 6450?
6415
In base 8, what is 2 + -15422?
-15420
In base 4, what is 12203 - 21?
12122
In base 6, what is -111 - 1450?
-2001
In base 12, what is 72a + 21?
74b
In base 15, what is 5 + 1a8e81?
1a8e86
In base 7, what is -3 - -244310?
244304
In base 14, what is -1 + 12d23?
12d22
In base 15, what is -68 - -d0?
67
In base 7, what is -4 - 613204?
-613211
In base 4, what is 1131123 + -11?
1131112
In base 2, what is 100111101111011 - 1111110?
100111011111101
In base 13, what is 5a + 1?
5b
In base 14, what is da9 - 819?
590
In base 7, what is 1141 - 324?
514
In base 3, what is -2 + -200111221?
-200112000
In base 15, what is -5 - 87ebe?
-87ec4
In base 7, what is 2352224 + -3?
2352221
In base 3, what is -2 + -20220212012?
-20220212021
In base 10, what is -368194 - -5?
-368189
In base 10, what is 3 + 5421?
5424
In base 9, what is 1 + -176756?
-176755
In base 12, what is 48396 + 1?
48397
In base 8, what is 41 + 14003?
14044
In base 9, what is -70 + -48030?
-48110
In base 14, what is 0 - 13a70?
-13a70
In base 15, what is -45d33 + 4?
-45d2e
In base 2, what is 11101 - 1011111?
-1000010
In base 16, what is f + -2?
d
In base 5, what is 34 + 233320?
233404
In base 4, what is -1 - -222310?
222303
In base 2, what is -1000 + 111110100100?
111110011100
In base 5, what is 20 + -110102?
-110032
In base 7, what is 2 + 40653?
40655
In base 14, what is 2 + -2762bc?
-2762ba
In base 2, what is -1110 + -111010011011001?
-111010011100111
In base 13, what is -15 - -1126?
1111
In base 14, what is -16b4 - 1?
-16b5
In base 14, what is 22a13 - -10?
22a23
In base 11, what is -42 + -1482?
-1514
In base 8, what is 2 - 61144?
-61142
In base 11, what is -7817 - 1?
-7818
In base 10, what is 4 - 750?
-746
In base 16, what is 5be - 79?
545
In base 15, what is 5b30 - 3?
5b2c
In base 4, what is -11 - 113310121?
-113310132
In base 5, what is 12120 + 100?
12220
In base 11, what is -7 - 50437?
-50443
In base 5, what is 2411120 + -3?
2411112
In base 7, what is -305 - 265?
-603
In base 7, what is 3 - -33252?
33255
In base 16, what is -100cf8 - -4?
-100cf4
In base 13, what is -c605 - 2?
-c607
In base 2, what is 100101110 + 110111110111?
111100100101
In base 14, what is -128 - -2a5?
17b
In base 7, what is 33 + 2222?
2255
In base 8, what is -1741 - -122?
-1617
In base 7, what is 20443 + -12?
20431
In base 14, what is a8 + 4c0?
588
In base 16, what is 3 + -12790?
-1278d
In base 5, what is 2 + -130002?
-130000
In base 14, what is 0 + 141b1?
141b1
In base 15, what is -42 + 16b?
129
In base 16, what is -1 + -23ce0?
-23ce1
In base 4, what is 1 - 101213103?
-101213102
In base 10, what is 1 - -9169?
9170
In base 5, what is 1204 - 122433?
-121224
In base 9, what is -3868 + -247?
-4226
In base 2, what is -1101110 - 10110001?
-100011111
In base 15, what is -106 + -27a?
-381
In base 14, what is 97 - 62?
35
In base 8, what is -3 + 3414?
3411
In base 3, what is 1102121200 - -20?
1102121220
In base 8, what is -2246543 - 2?
-2246545
In base 11, what is 2146 + 12?
2158
In base 10, what is 16 + -6206?
-6190
In base 12, what is -9 - 1691?
-169a
In base 13, what is 34 - 263b?
-2607
In base 6, what is 45403 - 234?
45125
In base 9, what is 10885 - -27?
11023
In base 9, what is -47883 + -3?
-47886
In base 8, what is -3104 - -63?
-3021
In base 3, what is 1102210 + -2020?
1100120
In base 5, what is 32 - -413324?
413411
In base 5, what is 4010 - 113?
3342
In base 11, what is 23a4 - -13?
2407
In base 15, what is 5c4b + 65?
5cb1
In base 9, what is -45720 - 1?
-45721
In base 6, what is 443 - -2221?
3104
In base 10, what is 64 - 1816?
-1752
In base 2, what is 11 + 11110100011010111?
11110100011011010
In base 5, what is -1 - 2200132?
-2200133
In base 9, what is 170 + -21031?
-20751
In base 7, what is 5 + 532366?
532404
In base 14, what is -724 + -a6?
-7ca
In base 9, what is 12180 + -10?
12170
In base 14, what is 1 + -c8c2?
-c8c1
In base 2, what is 111011 + -11100111001?
-11011111110
In base 15, what is 14b + -3c79?
-3b2d
In base 14, what is -242d - 1?
-2430
In base 11, what is 10321 + 1?
10322
In base 16, what is 3 - 21fdf?
-21fdc
In base 12, what is 19585 - -3?
19588
In base 10, what is 55719 + 4?
55723
In base 15, what is -512 - -163?
-39e
In base 2, what is -101 - 1010001101010?
-1010001101111
In base 16, what is 159 + -1493?
-133a
In base 8, what is 11063 + 17?
11102
In base 16, what is 1 - -cb3f9?
cb3fa
In base 13, what is -14141 + 1?
-14140
In base 15, what is 1c7a + 31?
1cab
In base 13, what is -835661 + 0?
-835661
In base 11, what is -28930 - 4?
-28934
In base 16, what is 39 + -33dc?
-33a3
In base 11, what is 11127 - -132?
11259
In base 14, what is -1 + -2da82?
-2da83
In base 12, what is -6b8b - 21?
-6bb0
In base 7, what is 10 + 321363?
321403
In base 8, what is 55313 - 24?
55267
In base 10, what is 15 - -18747?
18762
In base 16, what is 1d + -952?
-935
In base 6, what is 1 + -1153045?
-1153044
In base 4, what is 3300 + 2023?
11323
In base 6, what is 3241410 + 21?
3241431
In base 2, what is -11001110110001010 + -1001?
-11001110110010011
In base 16, what is 127f - -62?
12e1
In base 12, what is 10 - b966?
-b956
In base 13, what is 68 - -241?
2a9
In base 11, what is a53 - -376?
1319
In base 6, what is -113 - -40504?
40351
In base 12, what is -8 + -1700?
-1708
In base 14, what is -1 - 60d71?
-60d72
In base 14, what is -64 + -5902?
-5966
In base 4, what is 0 - 32001331?
-32001331
In base 7, what is -312261 + -55?
-312346
In base 14, what is -4746d + 2?
-4746b
In base 6, what is -1035 + -22?
-1101
In base 10, what is 996 + 3225?
4221
In base 15, what is -14376 - -20?
-14356
In base 5, what is -11033 + -1024?
-12112
In base 6, what is 414 + -3550?
-3132
In base 15, what is -526 + -99?
-5c0
In base 2, what is -110111111001001 + 101?
-110111111000100
In base 3, what is 1220 - -11020101?
11022021
In base 3, what is -1 - 120010122?
-120010200
In base 12, what is -91ba + 2?
-91b8
In base 15, what is 7c7 + -35?
792
In base 4, what is 30100 + -2032?
22002
In base 8, what is -76 - 2053?
-2151
In base 5, what is 4 - 303121?
-303112
In base 2, what is 100011 + -11001110111101?
-11001110011010
In base 4, what is 1023000 - 202?
1022132
In base 13, what is 5 - -3342?
3347
In base 7, what is -114264 + 10?
-114254
In base 7, what is 1425310 - 0?
1425310
In base 3, what is -102101112010 + -1?
-102101112011
In base 12, what is 21 - -171b?
1740
In base 14, what is -6a55d1 + -4?
-6a55d5
In base 3, what is 11010112122 + 1?
11010112200
In base 11, what is -1 + -12862?
-12863
In base 16, what is 6 - -1213f?
12145
In base 10, what is -913962 + 2?
-913960
In base 15, what is d - -57670?
5767d
In base 12, what is -584b4 - 4?
-584b8
In base 14, what is -7db - 8?
-805
In base 16, what is 12 - -831?
843
In base 7, what is 5306403 + 5?
5306411
In base 7, what is -5 - 1452354?
-1452362
In base 7, what is 204655 - 103?
204552
In base 14, what is -1a1 + a66?
8a5
In base 8, what is -23 + 436524?
436501
In base 7, what is 25 + -6556?
-6531
In base 2, what is